 + 10 = 0. Let n be p/(-1) + 2 + 2. What are the prime factors of k(n)?
3, 5
Suppose 0 = 2*s + 2, -2*v - 3*v + 23 = -3*s. Suppose v*o - 11 = 53. List the prime factors of o.
2
Suppose -c = -3 - 1. Suppose -u + 34 = 3*r + u, c*u - 12 = r. List the prime factors of r.
2
Let q(g) = -g**2 + 14*g + 7. List the prime factors of q(12).
31
Suppose 1633 - 76 = 9*b. What are the prime factors of b?
173
Let u = 11 - 18. Let x = -1 - u. List the prime factors of x.
2, 3
Suppose -4*u + 6 = -2*u. Let q be ((-1)/2)/(u/(-102)). Suppose 1 = 3*s - q. List the prime factors of s.
2, 3
Let r(s) = -s**3 + 7*s**2 - 5*s - 4. Let o be r(6). Let m = 7 - -5. Suppose h + m = o*h. What are the prime factors of h?
2, 3
Let m(r) = 11*r - 9. List the prime factors of m(5).
2, 23
Let f be -1*(-3)/(-3) + 3. Suppose b - 3*b = -3*a + 13, f*a + 2*b - 12 = 0. List the prime factors of a.
5
Let i be (1 + -2 - -2)*2. Let c(h) = 0*h - 5*h + i*h - 10. List the prime factors of c(-7).
11
Let v(k) = -k + 9. Let u be v(6). Let l(h) = h**2 + h - 4. Let m be l(-3). Suppose -u*f = m*f - 10. What are the prime factors of f?
2
Let n be -3 + 3 + 0 - -10. Suppose 3*o - o = 4*p + n, -25 = -5*o - p. Suppose -o*i + 24 = 2*t, 3*t + 25 - 80 = 2*i. List the prime factors of t.
17
Let l(a) = 2*a**2 + 2*a - 2. Let o be l(-2). Suppose 2*p - 4 = o. Suppose -p*t - d + 49 = 3*d, 5*t - 4*d = 39. List the prime factors of t.
11
What are the prime factors of (-8)/(-7 - -3) + 48 + 1?
3, 17
Let y be 2/(-11) + 26/22. Let u be y*2/(-4)*-4. List the prime factors of 17/2*u*1.
17
Suppose -4*c = c - 335. List the prime factors of c.
67
Let p = -26 + 53. What are the prime factors of p?
3
Suppose t = 4*d - t - 228, 0 = d - 2*t - 60. List the prime factors of d.
2, 7
Suppose i = -p + 4*p + 27, 0 = i + 2*p - 32. Suppose -4*h + 8*h = 0. Suppose 2*x - 3*g - 33 + 7 = h, -i = -4*x - 5*g. What are the prime factors of x?
2, 5
Suppose -33*z - 45 = -34*z. What are the prime factors of z?
3, 5
Let z(g) = 9*g + 75. List the prime factors of z(6).
3, 43
Let q(x) = -x**3 + 15*x**2 + 15*x + 18. What are the prime factors of q(16)?
2
Let b be 31/((-2 + -2)/(-8)). Suppose -4*v + b + 9 = 3*d, d + 3 = 0. List the prime factors of v.
2, 5
Suppose -3*t - 3*m + 57 = 0, -3*m = -3*t + 2*m + 41. Suppose -5*c + 5*k + 60 = 0, 3*k + t = 4*c - 33. List the prime factors of c.
2, 7
Let b(u) = -15*u - 2. What are the prime factors of b(-3)?
43
What are the prime factors of (48/(-18))/(2/(-234))?
2, 3, 13
Let y be (-3 - -4) + (23 - 1). Suppose 0 = -2*j + 9 + 19. Let f = y - j. What are the prime factors of f?
3
Let q = 246 - 174. What are the prime factors of q?
2, 3
Let w(m) = m**2 - 2*m - 4. What are the prime factors of w(8)?
2, 11
Let l(a) = a**3 - 3*a**2 - 2*a. Let c be l(4). Suppose 8 = 2*d + w + 2*w, 2*w + c = 2*d. Suppose -d*y = -6*y + 14. What are the prime factors of y?
7
Suppose 5*j - 4*j - 61 = -3*t, 5*t - j - 99 = 0. What are the prime factors of t?
2, 5
Let r be (-97 + 5)*2/(-4). Suppose -4*t + 4*s - 10 = -r, 5*t = 4*s + 41. List the prime factors of t.
5
Let y(m) = -m**3 - 3*m**2 + 4*m - 2. Let c be y(-5). Suppose v = -5*i + c, -v = -i - 4*v. What are the prime factors of i?
2, 3
Suppose -5*x = -4*x, -4*t + 4*x + 52 = 0. What are the prime factors of t?
13
What are the prime factors of 1*(17 + (-1 - -1))?
17
Suppose -5*b + 96 + 169 = 0. What are the prime factors of b?
53
Suppose 19*x - 76 = 15*x. Let y = 12 - -22. Let f = y - x. What are the prime factors of f?
3, 5
Let t be (-11 - -2)/((-6)/8). Suppose -t + 36 = 2*q. What are the prime factors of q?
2, 3
Let l = 1 + 11. Let k = -3 + l. List the prime factors of k.
3
Let s(j) be the second derivative of -j**4/12 + j**3/6 + 11*j**2 + 4*j. List the prime factors of s(0).
2, 11
Suppose 0 = -2*b + 5*i + 324, -13 - 3 = 4*i. What are the prime factors of b?
2, 19
Let r(j) = -j**3 - 8*j**2 + j + 10. Let w = 7 + -15. What are the prime factors of r(w)?
2
Suppose -y = -2 - 3. Suppose -4*x - 2*r = -56, 5*r + 81 = y*x - 4. What are the prime factors of x?
3, 5
Suppose 0 = -5*j + 10 + 25. What are the prime factors of (-228)/(-14) + (-2)/j?
2
Suppose -3*v + 0*v - 9 = 2*j, 0 = -j + 2*v + 13. List the prime factors of j.
3
Let x = -164 + 101. Let c = -33 - x. Suppose -4*y + 38 = -c. What are the prime factors of y?
17
Let g = -19 - -27. Suppose -v - g = -3*v. List the prime factors of v.
2
List the prime factors of ((-6)/7)/((-4)/28).
2, 3
Let p = -1 + 1. Let f be 34/(-85)*1*5. Let v = p - f. What are the prime factors of v?
2
Suppose 16*i - 17 = 15*i. List the prime factors of i.
17
Let o(a) = -a**3 + a**2 + a + 13. Suppose h - 13 = -3*x, -3*x + 28 = 5*h - 13. Suppose h*i = 4*i. List the prime factors of o(i).
13
Let d(k) = 2*k**2 - 6*k + 8. What are the prime factors of d(5)?
2, 7
Suppose -2*i - 2*i + 103 = -3*v, 4*v + 72 = 3*i. List the prime factors of i.
2, 7
Suppose -2*p = 2*k - 120, -4*p - 25 + 262 = 3*k. List the prime factors of p.
3, 19
Let c(l) = 15*l + 2. List the prime factors of c(4).
2, 31
Let h(o) = 58*o + 4. Let s be h(2). Suppose 5*r - s = -0*r. List the prime factors of r.
2, 3
Let x(g) = -g**2 - 8*g - 5. List the prime factors of x(-3).
2, 5
Let g = 134 - 131. List the prime factors of g.
3
Suppose -4*o + 0*k - 20 = 5*k, 4*o - 3*k = 12. Let x = o - -6. What are the prime factors of x?
2, 3
Suppose -2*j + 3*a = 8*a + 5, 0 = -j + a + 1. Suppose -i + l + 12 = -j, -2*l + 40 = 2*i. List the prime factors of i.
2
Let z(j) = -j**2 + j - 1. Let l(c) = 2*c**2 + 6*c + 1. Let g(h) = l(h) + z(h). List the prime factors of g(-8).
2
Suppose 54 = 2*f - 4*w, 0*f - 4*w - 141 = -5*f. Let g = -7 + f. List the prime factors of g.
2, 11
Let w(a) = 2*a**3 - 2*a**2 - 2*a - 1. Let l be w(-2). What are the prime factors of l/(-6) + (-6)/(-4)?
5
Suppose -8 = -2*r - u - 3*u, -8 = r - 4*u. Suppose r = -0*w - 2*w + 18. List the prime factors of w.
3
Suppose -6 = -a - 2*a. Suppose -3*v = 3*f - 27, 12 = a*v - 2*f - 2*f. List the prime factors of v.
2
Let d = -7 + 10. Let l(a) = 3*a**2 + 10*a - 2. Let y be l(-7). Suppose 0 = -5*j - 3*k + y, j - d*k + 5*k = 22. What are the prime factors of j?
2, 3
Let v = -46 - -137. What are the prime factors of v?
7, 13
Let g be -1 + (-1)/((-2)/62). Suppose -p + g = -2*p. What are the prime factors of 1 + p/(-2) - -2?
2, 3
Let y(h) = h**3 - 4*h**2 - 3*h + 6. Suppose -g = -5*k - 10, 0 = 5*g + k + 3*k - 21. What are the prime factors of y(g)?
2
Let g = 19 - 77. Let o = 81 + g. What are the prime factors of o?
23
What are the prime factors of (2/4)/(7/420)?
2, 3, 5
List the prime factors of ((-54)/(-24))/(1/8).
2, 3
Let h(y) = -y**2 + 5*y - 4. Let a be h(3). Suppose z + a*z - 18 = 0. What are the prime factors of z?
2, 3
Let d be 2*6*(-1)/(-4). Suppose d*n = 2*q - 35, -22 + 3 = -q + n. What are the prime factors of q?
2, 11
Suppose -2*u = 3*u - 20, 3*h - u + 43 = 0. Let o = h + 26. List the prime factors of o.
13
Suppose -3*r - 4 = -r. Let s(p) be the first derivative of p**3 - p + 5. What are the prime factors of s(r)?
11
List the prime factors of ((-41)/2)/(3/(-6)).
41
Let f(i) = -6*i. Let v be f(-1). Let y(h) = 2*h - 9. What are the prime factors of y(v)?
3
Let u(l) = 8*l**3 + l**2 - l. Let x be u(1). Let h be 6/(-3) - x*-1. Suppose 3 + h = n. What are the prime factors of n?
3
Suppose -k - 484 = -4*j - 3*k, 0 = j - 3*k - 135. What are the prime factors of j?
3, 41
Let i(l) = 2*l**2 + 4. What are the prime factors of i(-2)?
2, 3
Suppose -t + 12 = -0*t. Let z be ((-2 - -1) + -2)*-1. Suppose -18 = -z*f + t. List the prime factors of f.
2, 5
Let v(m) = -3*m**3 - 7*m**2 - 3*m + 4. Let f be v(-4). Suppose 5*w - 2*w = f. List the prime factors of w.
2
Let p be (-3)/12 + (-22)/8. List the prime factors of ((-14)/(-8))/(p/(-24)).
2, 7
Suppose -127 = -5*j + 38. What are the prime factors of j?
3, 11
Let t(d) = 2*d - 2. Let v(j) = j. Let r(b) = -t(b) + 4*v(b). List the prime factors of r(10).
2, 11
Let y(s) be the second derivative of 2*s**3/3 - s**2/2 - 3*s. Let k be y(1). What are the prime factors of k/(-5) - 43/(-5)?
2
Suppose -2*d - 145 = -7*d. Suppose -2*f + 0*b + 5*b + d = 0, f = -5*b + 37. List the prime factors of f.
2, 11
Let o(q) = -4*q + 5. List the prime factors of o(-8).
37
Let r(h) = -h**3 - 4*h**2 + 4*h - 3. Let o = 0 - 5. Let s be r(o). Suppose -3*d - a = 4*a